 - 17. Let z(k) = -2*k**3 - 12*k**2 - 4*k - 18. Let v be z(-6). Calculate t(v).
-29
Let o(z) = z**3 + z**2 + z - 16. Let s(y) be the first derivative of y**4/4 + 16*y**3/3 - 8*y**2 + 17*y - 47. Let t be s(-17). Give o(t).
-16
Let v be -3*5/60*-8. Suppose 4*b - 2*w = 7 - 1, 0 = -4*b + 3*w + 5. Let x(s) = 2*s**2 + 3*s**3 - b*s**3 - 2*s**3 + 0*s**2. What is x(v)?
0
Let h be (0 - 2 - 1)/(-1). Let u(b) = h + 2*b - 2*b - 3*b. Calculate u(5).
-12
Suppose -4*i = -6*i - 4. Suppose -3*c + 19 = 5*t, c + 2*t + t = 9. Let y(w) = -w + 5*w - 1 - c*w. Give y(i).
-3
Let d(p) = -81*p - 84*p - 79*p - 46 + 236*p. Determine d(-5).
-6
Suppose -3 = b + 5. Let m(l) = -4*l**3 - 2*l**2 - 2*l + 4. Let v(c) = -11*c**3 - 5*c**2 - 5*c + 11. Let x(i) = b*m(i) + 3*v(i). Determine x(3).
-14
Suppose 4*f + 8*s = 11*s + 2, s - 2 = 0. Let t(b) = 2*b - b**f + 3*b - 10*b + 2*b. What is t(-5)?
-10
Let t(w) = 1 - 35*w - 33*w - 28*w - 2 + 93*w. Determine t(4).
-13
Let m(h) = h**3 + 5*h**2 - 3*h + 9. Let f be (-10 + 4)/(3/3 - 0). Give m(f).
-9
Suppose -31*m = -157*m. Let g(s) = -2*s + 4. Give g(m).
4
Let r(k) be the third derivative of -k**4/8 + 5*k**3/6 - 8*k**2 - 2*k. Give r(3).
-4
Let f(s) be the first derivative of 7*s**4/4 - s**2 + s - 121. Give f(1).
6
Suppose 0 = 73*v - 40*v - 165. Let l(a) be the third derivative of 0*a + 12*a**2 + 1/4*a**4 + 0 - 7/6*a**3 + 1/60*a**v. Determine l(-7).
0
Let j(q) = -q - 9. Let w(p) = -p - 1. Let r(f) = j(f) - 4*w(f). Let l(c) = c - 2. Let o = -12 - -4. Let v(x) = o*l(x) + 3*r(x). Calculate v(0).
1
Let d(h) be the first derivative of -h**3/3 - 4*h**2 + h - 232. Give d(-8).
1
Let g = -130 - -136. Let k(i) = -i**3 + 6*i**2 + 2*i + 4. Calculate k(g).
16
Let d(v) be the second derivative of v**5/20 - v**4/2 - v**3/6 + 2*v**2 - 65*v. Calculate d(6).
-2
Let z(s) = -s**3 + 3*s**2 + 3*s - 4. Suppose 0 = 3*j - 41 - 19. Let b(t) = -t. Let q be b(2). Let x be (-7)/q - 10/j. Give z(x).
5
Let m(a) = -a + 11. Suppose 2*i + 4*q - 1 = -5, 0 = i + q - 3. What is m(i)?
3
Let x(d) be the third derivative of -d**4/24 + d**3/6 - 12*d**2 - 2. Determine x(4).
-3
Let t(a) = -a**3 - 3*a**2 + 4*a + 4. Let m be 2 - -1 - -7 - -4. Suppose 16 = -2*j + 2*d - 6*d, -5*d = -4*j + 33. Suppose -j*h - m = -6. Give t(h).
4
Let j(w) = w**3 + 5*w**2 + 7*w + 6. Suppose 6*g - 11*g = -145. Let z be 2/(-2)*(-3 - 22). Let h = z - g. Give j(h).
-6
Let v(o) = 3*o + 1. Let c(r) = -r**3 - 5*r**2 - 3*r + 8. Let k be c(-4). Let a(d) = -k + 0*d - d - 3*d - 4 + d**2. Let h be a(6). Calculate v(h).
13
Let j(v) = v - 1. Let o(t) = -t**2 + 11. Let w(q) = -j(q) - o(q). Let s = -12 + 15. Suppose -4*c + 0*r + 3*r - 9 = 0, -s*r = -5*c - 9. Give w(c).
-10
Let c(n) = 5*n**3 + 3*n**2 - n + 2. Let m be (1 + -3 - -3)*1. Let r = m + -3. Let j(p) = -p**3 - p**2 - 1. Let u(w) = r*j(w) - c(w). Determine u(1).
-3
Let n(i) = -i**2 - 5*i - 1. Let u = 15 - 15. Let l be u*(-1 + 0)*1. Suppose l = 2*k + 13 - 5. What is n(k)?
3
Let l(f) = -f - 7. Let q be (3 - 25/5) + -10. What is l(q)?
5
Let t(h) = 23 + 32 - 59 - 3*h. Let p = -6 + 6. Let f(a) = a**3 - a**2 + a - 3. Let g be f(p). Give t(g).
5
Let x be ((-12)/(-10))/(((-98)/105)/7). Let g(j) = j**3 + 9*j**2 - 3*j - 18. Determine g(x).
9
Let i(z) = -z + 1. Let a(y) = y**2 + 10*y + 7. Let r = 34 + -32. Let k(g) = r*i(g) + a(g). What is k(-6)?
-3
Suppose -6*t = -2*d - 2*t + 36, 2*d - 26 = 2*t. Let j(w) = -7*w**2 + w + 7. Let o(h) = -13*h**2 + 3*h + 14. Let i(l) = -11*j(l) + 6*o(l). Give i(d).
-1
Let i = -86 + 86. Let c(u) = u**3 + 4*u**2 - 4*u + 7. Let q be c(-5). Let p(w) = 4*w**2 - 4*w**2 + q + w**2 + 3. Give p(i).
5
Let m(j) = -4*j**2 + 51*j + 14. Let f(w) = -10*w**2 + 152*w + 40. Let r(c) = -3*f(c) + 8*m(c). Determine r(-24).
-8
Let d(q) = -13*q - 7 - 20*q + 1 + 34*q. Calculate d(5).
-1
Let t(m) = -m**2 - 7*m - 6. Let r(o) = 3*o**2 - o + 2. Let j be r(1). Suppose -4*s + z - 25 = 0, -4*s + 0*z - j*z = 0. What is t(s)?
4
Suppose 8*v - 8 - 24 = 0. Suppose 2*b = -4*j + 8, 5*b + v*j - 12 - 14 = 0. Let i(d) = 2*d - 4. Determine i(b).
8
Let m = -7 + 11. Let x(w) = -w**2 - 10*w - 6. Let f be x(-9). Let r(b) = 10*b**2 - f*b - b + m*b. Give r(1).
10
Let g(r) = -r - 2. Let y(c) be the second derivative of c**5/20 + 7*c**4/6 + 11*c**3/6 - 14*c**2 - 2*c. Let h be y(-13). Calculate g(h).
0
Let x(d) be the second derivative of -d**4/12 - 5*d**3/6 + d**2/2 - 417*d - 1. Suppose -2*k - 2*k = -16. Suppose 15 + 5 = -k*t. What is x(t)?
1
Let c(n) = -9*n**3 - n**2 + n - 1. Suppose 10 = 5*z, -4*r + 18 = -0*r + 5*z. Suppose -5*j = -6 + 1, -2*v + r*j = 0. Give c(v).
-10
Let k(m) = 2*m**2 + 4*m + 3. Let r(x) = x**3 + 9*x**2 + 9*x + 11. Let y be r(-8). Suppose 0*t = y*t. Suppose t = -2*w - w - 6. Give k(w).
3
Let r(p) = 3*p**3 + 4*p**2 - 9*p - 8. Let q(a) = 7*a**3 + 7*a**2 - 16*a - 14. Let j(s) = 4*q(s) - 7*r(s). Determine j(1).
6
Let x(c) be the first derivative of 2*c - 2 + 3/2*c**2 + 1/3*c**3. Suppose -3*v + 5 - 11 = 0. What is x(v)?
0
Let m(f) = -2*f - 30. Let j be 6/24*-44 + -6. Give m(j).
4
Let r(f) = f**3 - 3*f**2 - 6*f - 1. Let v be r(4). Let c(t) = 8*t - 11. Let p(o) = 17*o - 23. Let g(k) = v*c(k) + 4*p(k). Calculate g(5).
-13
Suppose 129*q - 134*q = 2*v - 13, -3*v - 18 = 0. Let d(o) = 11*o - 29. Let r(t) = -4*t + 10. Let s(f) = 6*d(f) + 17*r(f). What is s(q)?
-14
Let d be ((-6)/3)/((-17)/(-102)). Let q(g) = g**2 + 13*g + 1. What is q(d)?
-11
Suppose -18*m + 15*m + 12 = 0. Suppose 0*f - 8 = m*f. Let g(l) = l + 1. Let i(p) = -16*p - 12. Let d(s) = -12*g(s) - i(s). What is d(f)?
-8
Let u(y) be the first derivative of -y**7/840 + y**6/360 + 7*y**4/24 + 52*y**3/3 - 17. Let n(m) be the third derivative of u(m). Give n(0).
7
Let h(b) = b**3 - 9*b**2 + 8*b + 2. Let j be h(8). Suppose -5*n + 8 = j*x, -2*n - 3*x + 1 = -0*x. Let q(c) = -7 - 44*c**2 + 44*c**n - c**3 - c. Determine q(0).
-7
Let m(p) = -7*p**2 - 13*p + 27. Let f(k) = 8*k**2 + 14*k - 30. Let y(h) = 6*f(h) + 7*m(h). Calculate y(-10).
-21
Suppose -36 + 44 = -4*a. Let m be (a - -14)*2/4. Let l(i) = 4*i**2 + 8*i - 7. Let v(d) = -3*d**2 - 8*d + 7. Let q(f) = 4*l(f) + 5*v(f). Give q(m).
-5
Let j(g) be the first derivative of -3*g**2/2 + 4*g + 1694. Suppose -3*w + 2*n = -7, 3*w + w - 14 = -2*n. Suppose 0 = w*p - 0 - 9. What is j(p)?
-5
Suppose -2*w = -4*w + 10. Let x(z) = -4*z. Let s(i) = -3*i. Let q(r) = w*s(r) - 4*x(r). Let p be 5/10*(1 - 11). Calculate q(p).
-5
Let z be (7/1)/(2 + -1). Suppose z + 9 = 2*t. Let p(r) = -r**3 + 8*r**2 + 4. Determine p(t).
4
Let q(d) = d**3 + 7*d**2 + 2*d + 5. Suppose -30 = 126*u - 121*u. Determine q(u).
29
Let s(p) = 5*p**3 + p - 5. Let h(a) = 2*a**3 + a**2 - a. Let c(q) = 3*h(q) - s(q). Let i = -12 - -8. What is c(i)?
5
Suppose 2*i + 3*v - 4 = 0, 7*v - 24 = -4*i + 5*v. Let x(b) = b**2 - 10*b + 16. Give x(i).
0
Let b(q) = -3*q - 1. Suppose y - d = -3*d + 4, -3*y = -5*d - 56. Suppose 12*n - 7*n = 130. Suppose -r + n = -5*a, 2*a + y = -a - 3*r. Give b(a).
14
Let s(d) = -25*d + 778. Let m be s(31). Let v(a) = -a**2 + 5*a - 6. Calculate v(m).
0
Let v = 40 + -45. Let m(b) = 4 - b**2 + 0*b**2 - 5*b - 2 - 2*b. Determine m(v).
12
Suppose 21 = -8*j + 29. Let u(c) = 29*c. Calculate u(j).
29
Let o(y) = -y**3 - 4*y**2 + 7*y. Let g be ((-16)/48)/((0 - 2)/(-36)). Give o(g).
30
Let z = -201 + 199. Let a(l) = -4*l**3 + l**2 + l + 2. Give a(z).
36
Let n(s) = -s - 3. Let x be n(0). Suppose -2*h - 3 = 5*a - 4, -h + 14 = -2*a. Let i(l) = 6*l + 4*l - h*l. Calculate i(x).
-6
Let k(h) = 4*h - 19. Let l(m) = -m + 2. Let g(r) = -k(r) - 5*l(r). What is g(-5)?
4
Let d be (-9)/(-3) + -2 + (-4 - -5). Let n(h) = -6 + 10 - 3 - 6 + h**d. Calculate n(0).
-5
Suppose 93 = 51*w - 60. Let o(g) = -g**3 + 5*g**2 - 4*g + 3. Give o(w).
9
Suppose -5*v - 3*f + 15 + 0 = 0, 4*v + 3*f = 12. Suppose -5*j - 4 = -p, -9 = -2*j - v*p + 3. Let k(d) = 0 + 0*d + 4 - 3*d + 2*d. Calculate k(j).
4
Let g(m) = m**3 - 2*m**2 + 3. Suppose 7 = 97*h - 98*h. Let v be (-5)/2*((-84)/(-10))/h. Give g(v).
12
Let d(s) = -s**3 - 6*s**2 - 6*s - 4. Let j = 4 - 0. Suppose 2*o + 0*l = 5*l + 10, j*o + 3*l - 20 = 0. Suppose 3*y + 4 = -3*w - 2, -2*y = -o*w - 31. Give d(w).
1
Let y(v) = v**3 - 9*v**2 + 4*v + 3. Let b = 446 + -438. What is y(b)?
-29
Suppose 0 = 2*m + m - 57. Let l = 33 - m. Suppose -4*a - 5*t - l = -40, 2*a = -4*t + 16. Let j(z) = 2*z - 4. What is j(a)?
4
Let m(j) 